
What is the value of 9 + -10 - (2 - 3) - 4?
-4
Calculate (-20 - -3) + (30 - 19).
-6
Calculate (-10 - 7) + 19 + (-4 - -1).
-1
(-7 + 18 - 8) + -2 + 0
1
What is the value of (-6 - -1) + 2 + (-2 - 1)?
-6
What is the value of (0 - (5 - 0 - 4)) + 4?
3
Calculate -1 + (7 + -4 + 2 - 8).
-4
What is -6 + (0 - 2) + 5?
-3
What is the value of 1 - (8 + -9 - (1 - -2))?
5
(-7 - (-10 + 2 - -3)) + 0
-2
What is 11 + (0 - (4 - 3) - 5)?
5
What is 2 + -1 + (-65 - -69)?
5
-5 + 9 + 2 + -3
3
What is 6 - (23 - 5 - 6)?
-6
What is the value of 0 + -1 + (-7 - -11) + 0?
3
What is -1 + -5 + (10 - (6 + -1))?
-1
Calculate (-2 - (3 + 0)) + -3 + 0.
-8
What is the value of (-5 - -2) + (19 - (29 - 17))?
4
What is the value of -1 + (-1 - -4) + -7?
-5
(-5 - (-5 - -9)) + 7
-2
What is the value of 5 - 2 - 8 - (-2 - -1)?
-4
Evaluate 0 + 0 + (8 - 4).
4
Calculate 21 + -21 - (7 - (5 - 2)).
-4
What is -4 + (-5 - -1) + 4 + 8?
4
(-3 - -9) + -4 - -3
5
What is -1 - (-2 - (-5 - -5))?
1
Evaluate 11 + -13 - (-1 + 5).
-6
What is -6 - (-2 + 5 + -6 + 3)?
-6
Evaluate -1 + -5 + 7 + -1.
0
What is the value of -3 + -2 + (-3 - 2) + 8?
-2
Evaluate (1 - 5) + 14 - 9.
1
Evaluate -10 + (-4 - -9) + 7.
2
What is (3 - 0) + (7 - 5)?
5
(10 - 2) + (9 - 11) - -3
9
What is the value of (17 - 17) + (3 - 0)?
3
Calculate -1 + -3 - (1 - 3).
-2
Evaluate 16 + -15 - (4 + 3).
-6
What is -6 + (4 - (-8 - -7))?
-1
What is -10 + 16 - (-1 - -9)?
-2
What is 1 + -15 + 8 + 6?
0
What is the value of (-3 - (1 - 1)) + 8?
5
(14 + -5 - 4) + 1
6
Evaluate 6 + (8 - 13) - (0 - 1).
2
Calculate 0 - (-12 - -10 - (2 - 1)).
3
Evaluate -9 + (5 - (4 - 4)).
-4
What is -2 + -2 + 3 + 5?
4
What is the value of (55 - 59) + 12 + -2?
6
Calculate 0 + -1 + 1 - (-2 + -2).
4
What is 1 - (7 + -4 + -5)?
3
What is the value of -5 - (-1 + 2 - 2)?
-4
Evaluate 2 - (5 - (4 + 2)) - 0.
3
Calculate (10 + -4 - 8) + (6 - 3).
1
What is -1 + (1 - -8) - (-19 - -22)?
5
4 - (5 - 2) - -1
2
What is the value of 3 + -1 + (-4 - (-14 + 12))?
0
4 - (4 + (4 - -2) + -2)
-4
What is the value of 1 - (-6 - -12 - -2)?
-7
What is the value of 6 + 12 + -7 + -11?
0
Evaluate -13 + 10 + (-1 - 2) + 0.
-6
-8 + (9 - 3) + (7 - 1)
4
1 + -4 + (1 - (3 + -5))
0
Calculate 1 + 2 - (-2 - -9).
-4
What is the value of 2 - ((-1 - -6) + -1) - 3?
-5
Calculate (-3 - -3) + -8 + 6.
-2
What is (9 - 3) + -2 - (1 + 0)?
3
What is 16 + (3 - 9) + 0?
10
-2 + (12 - (8 + 1))
1
Evaluate 3 + -2 + 3 + -4.
0
Evaluate -2 + (-2 - (-1 - 1)).
-2
Evaluate 0 + 3 + -5 - (6 - 11).
3
6 - (7 + (4 - (-2 + 5)))
-2
What is 1 - 4 - (4 + 4 - 4)?
-7
Calculate (-4 + 4 - 0) + -11 + 17.
6
What is -8 + 6 + (1 - 4) + 5?
0
Calculate (17 - 27) + -3 + 15.
2
What is the value of (7 - (6 - (1 - 0))) + 3?
5
Calculate 3 + -3 + -3 + (2 - 1).
-2
What is the value of -4 - (16 - 8 - 6)?
-6
What is -2 + (1 - 0) - (0 - 0)?
-1
Calculate 3 - (-3 - (1 + -3 - -1)).
5
Evaluate 3 + -1 - 1 - 7.
-6
Evaluate 1 + -3 - (-2 - -5 - -1).
-6
What is 0 + (-5 - 1) + 16?
10
Calculate -1 - (-2 - 0 - -6).
-5
Evaluate 7 + -5 + 11 + -8.
5
What is the value of 0 + -6 - (2 + -7)?
-1
Evaluate (2 - (7 - 1)) + 6.
2
7 + (-1 - 5 - -6) + -7
0
Evaluate 0 + 1 + (4 - 7) + -2.
-4
What is the value of -1 + 6 + -7 + -3 + 3?
-2
(6 - (0 + 1 - -3)) + -7
-5
What is the value of 3 - -1 - 2 - 3?
-1
Calculate 5 + -14 + 7 - -2.
0
1 + (0 - 6 - -4)
-1
5 - ((11 - 11) + 3 + -1)
3
(7 - (27 - 14)) + -2
-8
Calculate -5 - ((-12 - -7) + -5).
5
Calculate 32 + -10 + -9 - 10.
3
Calculate -3 + 6 + (-2 - 1).
0
Evaluate -1 + (1 - 7 - -15).
8
What is the value of 2 - -1 - (7 - (-2 + 11))?
5
What is the value of 2 + -3 + 3 - 5?
-3
Calculate -6 - (7 + (0 - 18)).
5
What is the value of 1 - 0 - 4 - (-3 - -5)?
-5
What is (-5 - 0) + 1 - 1?
-5
What is the value of 3 + (-8 - (-6 - 0 - -1))?
0
4 - 4 - (-8 - -4) - 0
4
5 - (-4 - (-6 - 0))
3
-1 - 5 - (-15 + 24 + -16)
1
Calculate 2 + (-6 - (7 - 8)).
-3
Calculate -1 - (-3 + -1 + (6 - 0)).
-3
What is the value of 4 - (17 - 7) - -4?
-2
Evaluate 3 + (3 - 8) + 3 - -4.
5
Calculate -2 + (-4 - (2 + -6)).
-2
Calculate 4 + 3 + -3 + -5 + 7.
6
What is (-5 + 12 - (1 - -4)) + 2?
4
(-3 - -1) + (-3 - -2)
-3
(1 - -2 - 1) + 0 + -1
1
Calculate -10 - (-2 + -3) - 1 - -11.
5
What is 10 - 4 - (4 - 4)?
6
What is (3 - 6 - -2) + (7 - 1)?
5
Evaluate 4 + (0 - 0 - (1 - 0)).
3
What is the value of 0 + 0 + -4 + 2 + 4?
2
Calculate 2 - (8 - (6 - 2)).
-2
What is -1 + 1 - (-1 + -1 + 5)?
-3
Evaluate (1 - 1) + (-3 - -2).
-1
1 + 4 + -1 + -3
1
Calculate (21 - 29) + (8 - -2) - 13.
-11
Calculate (-1 - -3) + -1 - (9 - 11).
3
Evaluate (7 - 10) + 5 + 2 - 6.
-2
Evaluate -1 + 2 + 1 - 1.
1
Evaluate -1 + -1 + -19 + 21.
0
What is (-17 - -7) + -1 + (10 - 3)?
-4
What is the value of 5 + (-12 - -11 - (-5 + 4))?
5
Calculate (2 - 8) + 1 + 3.
-2
Evaluate (-1 + 3 - (0 + 3)) + 6.
5
Calculate -8 + 5 + (-10 - -13).
0
What is the value of 3 + -5 + 4 + -4?
-2
Calculate -66 + 56 - (-1 + -2).
-7
What is the value of 3 + 4 + (-12 - 2)?
-7
40 + -39 + -2 + 1
0
Evaluate -3 + (0 + 3 - 5) + 7.
2
Evaluate 9 + -9 + 0 - (-1 - 0).
1
Evaluate 0 + 0 - (-6 + (4 - -5)).
-3
-1 - -2 - ((1 - 1) + -4)
5
What is -18 - -12 - (-1 + -1) - -2?
-2
Calculate -7 - (3 + -4) - (-1 + 1).
-6
What is 4 - (-10 - -5 - (1 - 7))?
3
Calculate 2 + -2 + -5 - -4.
-1
Evaluate -6 - (-16 - (5 + -13)).
2
6 - (-5 - -18) - -1
-6
Calculate 49 + -62 - (-1 - 12).
0
What is (1 - 5) + 8 + (-8 - -8)?
4
(-1 - 15) + 8 + 14
6
Evaluate -3 + (-2 - -2) + 6.
3
Calculate -1 + -1 + 5 - (9 - 1).
-5
What is (12 - 4) + -16 + 4?
-4
What is 1 + (-3 + 2 + -3 - -1)?
-2
What is the value of 2 - (-1 - (3 - 1))?
5
What is (7 - (5 + -1)) + 0?
3
6 + (1 + 3 - (7 + 0))
3
-4 + 0 + (12 - (8 - -8))
-8
(3 + -3 - (-4 - -10)) + 7
1
What is -4 - (2 - 1) - -4?
-1
What is 10 + (-2 - 5) - 4?
-1
Calculate 4 + (6 + -5 - (2 - -1)).
2
What is (-5 + -3 + 4 - -3) + -4?
-5
What is 3 - (-3 - -7) - 2?
-3
6 + (-5 + 8 - 8)
1
What is the value of 1 + -4 + 3 + -6?
-6
Calculate 4 - 2 - (-2 - -3).
1
Evaluate -1 - 18 - -20 - (0 + -7).
8
What is the value of 1 - (-9 - (4 - 8) - -1)?
5
What is -5 + 1 + (1 - 10 - -13)?
0
What is the value of (2 + -12 + 5 - 2) + 4?
-3
Evaluate 3 + 1 + (4 - -1) + -4.
5
Evaluate 15 + -11 + (-7 - 1).
-4
Evaluate (3 - (4 + -7 - -2)) + -3.
1
Calculate -1 + -2 + (9 - 4) + -7.
-5
What is -11 + 9 + 0 + 9?
7
What is -4 - 1 - (-2 + -7) - -5?
9
What is the value of 3 + 2 + -6 + (8 - 11)?
-4
Evaluate (-1 - 2) + (-12 - -15).
0
Evaluate -5 - (38 + -34 - (2 + 0)).
-7
Evaluate (2 - -5) + -18 - (4 - 8).
-7
What is -18 - -21 - (1 + 8 - 1)?
-5
Calculate (-6 - 1) + 5 + 3.
1
What is -7 - (1 - -2) - -7?
-3
What is 2 - (0 + -6 - -4)?
4
Evaluate 14 + -9 - (8 + -3).
0
Calculate 0 + -2 + 3 - 4.
-3
Calculate 4 + 1 + (3 - 5).
3
What is (13 - 8) + (0 - -1)?
6
What is the value of -2 - (-4 + (-5 - -5) - -1)?
1
1 + -4 + 4 - -3
4
What is the value of (0 - (-1 + 3)) + 1 - -1?
0
What is the value of 2 + -5 + 3 + -4?
-4
What is the value of (90 - 90) + (-2 - (-3 + -1))?
2
Calculate 0 - 0 - (11 + -3 + -4).
-4
(-2 - (-6 + 4)) + 0 - -2
2
Evaluate (1 - 5) + 5 + 3.
4
Evaluate (14 - 17) + (-3 - -2).
-4
Evaluate (5 - 1) + (90 - 100).
-6
Calculate -1 - -5 - 2 - 5.
-3
2 - (6 + 2) - (-52 + 48)
-2
Calculate 0 + (7 - 1) + -6.
0
What is the value of 10 + -4 - (-5 + 6) - 1?
4
Evaluate (-5 - 2 - -1) + 2.
-4
3 - ((-6 - (-6 + 3)) + 0)
6
What is the value of 10 - (-7 + 6 + 7)?
4
What is 0 + 0 - (-20 - (-36 - -22))?
6
Calculate 3 + 0 + -2 + 3 - 5.
-1
Calculate (-7 + 1 + 2 - -6) + 1.
3
What is the value of -9 + (20 - 4) + -7?
0
4 - (0 - -2 - 0)
2
Calculate -5 + 0 - -5 - (1 - 5).
4
Calculate 19 - 24 - (0 + -5).
0
Evaluate -4 + 2 + -4 + 14.
8
What is the value of (0 - (6 - 1 - 6)) + -1?
0
Evaluate 0 - (-2 + 5) - (-37 - -36).
-2
Evaluate -5 + (-9 - (-9 + -1)).
-4
What is 2 - 1 - (-31 - -22)?
10
Calculate 0 - -2 - (36 + -40).
6
-21 + (20 - 8) + 2
-7
-18 - (4 + (6 - 19))
-9
(1 - 0) + (-34 - -29)
-4
Calculate -12 - (-31 + 27 + -13).
5
(-5 - 5) + 5 - (21 - 23)
-3
What is the value of 14 + 12 + -14 - (-1 + 8)?
5
Calculate -5 - -8 - 3 - -2 - -4.
6
Evaluate -13 - (-29 - -4) - (-1 - -7).
6
Calculate 5 - ((-1 - -1) + -4 + 6).
3
Calculate 4 + (2 - 3) + -5 + 3.
1
What is the value of -2 + 1 - (-7 + (4 - -3))?
-1
What is (5 + -1 - (-4 + 11)) + -2?
-5
Evaluate 12 + -18 - (-7 - 0 - 0).
1
What is -9 + 5 + 0 + 3?
-1
-9 - (-15 + -8 + 8)
6
Evaluate 3 + (-5 - -4) + 2 + -4.
0
Ca